{"id":517,"date":"2018-08-28T15:57:12","date_gmt":"2018-08-28T13:57:12","guid":{"rendered":"http:\/\/www.amthermic.fr\/?page_id=517"},"modified":"2018-08-28T16:12:57","modified_gmt":"2018-08-28T14:12:57","slug":"depannage","status":"publish","type":"page","link":"https:\/\/www.amthermic.fr\/index.php\/depannage\/","title":{"rendered":"D\u00e9pannage"},"content":{"rendered":"<div id=\"pl-517\"  class=\"panel-layout\" ><div id=\"pg-517-0\"  class=\"panel-grid panel-no-style\" ><div id=\"pgc-517-0-0\"  class=\"panel-grid-cell\" ><div id=\"panel-517-0-0-0\" class=\"so-panel widget widget_black-studio-tinymce widget_black_studio_tinymce panel-first-child panel-last-child\" data-index=\"0\" ><div class=\"textwidget\"><div class=\"vc_row wpb_row vc_row-fluid\">\n<div class=\"container\">\n<div class=\"row\">\n<div class=\"wpb_column vc_column_container vc_col-sm-12\">\n<div class=\"vc_column-inner \">\n<div class=\"wpb_wrapper\">\n<div class=\"quote-title section-title\">\n<h2><span style=\"color: #ef6721;\">Besoin d'un d\u00e9pannage en urgence ?<\/span><\/h2>\n<p>&nbsp;<\/p>\n<p>&nbsp;<\/p><\/div>\n<\/div>\n<\/div>\n<\/div>\n<\/div>\n<\/div>\n<\/div>\n<div class=\"vc_row wpb_row vc_row-fluid\">\n<div class=\"container\">\n<div class=\"row\">\n<div class=\"wpb_column vc_column_container vc_col-sm-8\">\n<div class=\"vc_column-inner \">\n<div class=\"wpb_wrapper\">\n<div class=\"wpb_text_column wpb_content_element wpb_animate_when_almost_visible wpb_top-to-bottom wpb_start_animation\">\n<div class=\"wpb_wrapper\">\n<h4><strong>Nos interventions sont r\u00e9alis\u00e9es en moins de 48H chez vous.<\/strong><\/h4>\n<h4><strong>D\u00e9pannage 5 j\/7 de 8h \u00e0 18h et le samedi de 8h \u00e0 12H .**<\/strong><\/h4>\n<h4><strong>Nous d\u00e9pannons vos \u00e9quipements de chauffage, d\u2019eau chaude, de ventilation et d'\u00e9l\u00e9ctricit\u00e9.<br \/>\n<\/strong><\/h4>\n<p>&nbsp;<\/p>\n<h4><strong>Premier diagnostic par t\u00e9l\u00e9phone.<\/strong><\/h4>\n<\/div>\n<\/div>\n<\/div>\n<\/div>\n<\/div>\n<\/div>\n<\/div>\n<\/div>\n<\/div><\/div><\/div><div id=\"pgc-517-0-1\"  class=\"panel-grid-cell\" ><div id=\"panel-517-0-1-0\" class=\"so-panel widget widget_black-studio-tinymce widget_black_studio_tinymce panel-first-child panel-last-child\" data-index=\"1\" ><div class=\"panel-widget-style panel-widget-style-for-517-0-1-0\" ><div class=\"textwidget\"><h2 style=\"text-align: center;\"><strong><span style=\"color: #ffffff; font-size: 16px;\">Votre forfait d\u00e9pannage a partir de <\/span><\/strong><\/h2>\n<h2 style=\"text-align: center;\"><strong><span style=\"color: #ffffff; font-size: 16px;\">30,25 \u20ac TTC *<\/span><\/strong><\/h2>\n<\/div><\/div><\/div><\/div><\/div><div id=\"pg-517-1\"  class=\"panel-grid panel-no-style\" ><div id=\"pgc-517-1-0\"  class=\"panel-grid-cell\" ><div id=\"panel-517-1-0-0\" class=\"so-panel widget widget_sow-button panel-first-child panel-last-child\" data-index=\"2\" ><div class=\"so-widget-sow-button so-widget-sow-button-atom-a9f9c795fdda-517\"><div class=\"ow-button-base ow-button-align-center\">\n\t<a href=\"http:\/\/www.amthermic.fr\/index.php\/contact\/\" class=\"ow-icon-placement-left ow-button-hover\" \t\t>\n\t\t<span>\n\t\t\t<span class=\"sow-icon-ionicons\" data-sow-icon=\"&#xf422;\"\n\t\tstyle=\"color: #ef6721\" ><\/span>\n\t\t\tCONTACTEZ NOUS !\t\t<\/span>\n\t<\/a>\n<\/div>\n<\/div><\/div><\/div><\/div><div id=\"pg-517-2\"  class=\"panel-grid panel-no-style\" ><div id=\"pgc-517-2-0\"  class=\"panel-grid-cell\" ><div id=\"panel-517-2-0-0\" class=\"so-panel widget widget_black-studio-tinymce widget_black_studio_tinymce panel-first-child panel-last-child\" data-index=\"3\" ><div class=\"textwidget\"><p><span style=\"color: #999999;\">*Prix comprenant un d\u00e9placement zone 1 et 1\/2 heure de main d\u2019\u0153uvre \u2013 Tarif TTC au 1er Septembre 2018 calcul\u00e9 avec la TVA \u00e0 10% \u2013 **Du lundi au samedi durant de la p\u00e9riode hivernale d\u2019Octobre \u00e0 Avril de chaque ann\u00e9e. La journ\u00e9e du samedi est exclusivement r\u00e9serv\u00e9e aux interventions urgentes (d\u00e9pannage panne totale ou partielle, fuite importante gaz\/eau, etc..), aucun rendez-vous d\u2019entretien ne sera pr\u00e9vu le samedi.<\/span><\/p>\n<\/div><\/div><\/div><\/div><\/div>","protected":false},"excerpt":{"rendered":"<p>Besoin d&rsquo;un d\u00e9pannage en urgence ? &nbsp; &nbsp; Nos interventions sont r\u00e9alis\u00e9es en moins de 48H chez vous. D\u00e9pannage 5 j\/7 de 8h \u00e0 18h et le samedi de 8h \u00e0 12H .** Nous d\u00e9pannons vos \u00e9quipements de chauffage, d\u2019eau chaude, de ventilation et d&rsquo;\u00e9l\u00e9ctricit\u00e9. &nbsp; Premier diagnostic par t\u00e9l\u00e9phone. Votre forfait d\u00e9pannage a partir [&hellip;]<\/p>\n","protected":false},"author":1,"featured_media":0,"parent":0,"menu_order":0,"comment_status":"closed","ping_status":"closed","template":"","meta":[],"_links":{"self":[{"href":"https:\/\/www.amthermic.fr\/index.php\/wp-json\/wp\/v2\/pages\/517"}],"collection":[{"href":"https:\/\/www.amthermic.fr\/index.php\/wp-json\/wp\/v2\/pages"}],"about":[{"href":"https:\/\/www.amthermic.fr\/index.php\/wp-json\/wp\/v2\/types\/page"}],"author":[{"embeddable":true,"href":"https:\/\/www.amthermic.fr\/index.php\/wp-json\/wp\/v2\/users\/1"}],"replies":[{"embeddable":true,"href":"https:\/\/www.amthermic.fr\/index.php\/wp-json\/wp\/v2\/comments?post=517"}],"version-history":[{"count":5,"href":"https:\/\/www.amthermic.fr\/index.php\/wp-json\/wp\/v2\/pages\/517\/revisions"}],"predecessor-version":[{"id":522,"href":"https:\/\/www.amthermic.fr\/index.php\/wp-json\/wp\/v2\/pages\/517\/revisions\/522"}],"wp:attachment":[{"href":"https:\/\/www.amthermic.fr\/index.php\/wp-json\/wp\/v2\/media?parent=517"}],"curies":[{"name":"wp","href":"https:\/\/api.w.org\/{rel}","templated":true}]}}