{"id":588,"date":"2018-12-06T23:08:30","date_gmt":"2018-12-06T22:08:30","guid":{"rendered":"https:\/\/www.amthermic.fr\/?page_id=588"},"modified":"2018-12-08T16:49:47","modified_gmt":"2018-12-08T15:49:47","slug":"merci-pour-votre-paiement","status":"publish","type":"page","link":"https:\/\/www.amthermic.fr\/index.php\/merci-pour-votre-paiement\/","title":{"rendered":"Merci pour votre paiement"},"content":{"rendered":"<p>Votre transaction est termin\u00e9e et vous allez recevoir par email un avis accusant r\u00e9ception de votre achat.<\/p>\n<p>Connectez-vous \u00e0 votre compte PayPal pour consulter les d\u00e9tails de la transaction.<\/p>\n","protected":false},"excerpt":{"rendered":"<p>Votre transaction est termin\u00e9e et vous allez recevoir par email un avis accusant r\u00e9ception de votre achat. Connectez-vous \u00e0 votre compte PayPal pour consulter les d\u00e9tails de la transaction.<\/p>\n","protected":false},"author":1,"featured_media":0,"parent":0,"menu_order":0,"comment_status":"closed","ping_status":"closed","template":"","meta":[],"_links":{"self":[{"href":"https:\/\/www.amthermic.fr\/index.php\/wp-json\/wp\/v2\/pages\/588"}],"collection":[{"href":"https:\/\/www.amthermic.fr\/index.php\/wp-json\/wp\/v2\/pages"}],"about":[{"href":"https:\/\/www.amthermic.fr\/index.php\/wp-json\/wp\/v2\/types\/page"}],"author":[{"embeddable":true,"href":"https:\/\/www.amthermic.fr\/index.php\/wp-json\/wp\/v2\/users\/1"}],"replies":[{"embeddable":true,"href":"https:\/\/www.amthermic.fr\/index.php\/wp-json\/wp\/v2\/comments?post=588"}],"version-history":[{"count":3,"href":"https:\/\/www.amthermic.fr\/index.php\/wp-json\/wp\/v2\/pages\/588\/revisions"}],"predecessor-version":[{"id":591,"href":"https:\/\/www.amthermic.fr\/index.php\/wp-json\/wp\/v2\/pages\/588\/revisions\/591"}],"wp:attachment":[{"href":"https:\/\/www.amthermic.fr\/index.php\/wp-json\/wp\/v2\/media?parent=588"}],"curies":[{"name":"wp","href":"https:\/\/api.w.org\/{rel}","templated":true}]}}